{"id":284,"date":"2018-08-01T14:14:43","date_gmt":"2018-08-01T12:14:43","guid":{"rendered":"http:\/\/wp8.ipk.fraunhofer.de\/?page_id=284"},"modified":"2019-02-19T14:15:19","modified_gmt":"2019-02-19T13:15:19","slug":"sfb-1026-sustainable-manufacturing","status":"publish","type":"page","link":"https:\/\/wissensmanagement.ipk.fraunhofer.de\/?page_id=284","title":{"rendered":"SFB 1026 &#8211; Sustainable Manufacturing"},"content":{"rendered":"<hr \/>\n<p>Auftraggeber:<br \/>DFG (Deutsche Forschungsgesellschaft)<\/p>\n<hr \/>\n<p>Inhalt:<br \/><b>Nachhaltige Unternehmensentwicklung und Intellektuelles Kapital<\/b><\/p>\n<p>Nachhaltigkeit ist schon seit Jahren kein rein politisches, sondern immer mehr ein wirtschaftliches Thema. Nur wenn Unternehmen zuk\u00fcnftig neben \u00f6konomischen Zielgr\u00f6\u00dfen auch \u00f6kologische und soziale Kriterien bei ihren T\u00e4tigkeiten ber\u00fccksichtigen, k\u00f6nnen Wettbewerbsvorteile und Innovationen, erreicht werden. Als kritische Erfolgsfaktoren einer nachhaltigen Unternehmensentwicklung werden neben dem schonenden Umgang mit materiellen Ressourcen daher insbesondere auch das Wissen und die F\u00e4higkeiten des Unternehmens und seiner Mitarbeiter, eine f\u00f6rderliche Unternehmenskultur oder die Gestaltung von Stakeholderbeziehungen angesehen. Die Entwicklung und Nutzung dieser immateriellen Ressourcen stellt folglich einen wichtigen Hebel f\u00fcr die Umsetzung von Nachhaltigem Wirtschaften dar. Ziel des Projektes ist es, Methoden zum integrierten Management materieller und immaterieller Ressourcen zu entwicklen und zu erproben. Dabei stehen Fragen der internen Unternehmessteuerung und einer integrierten Berichterstattung im Mittelpunkt.<\/p>\n<hr \/>\n<p>Weitere Informationen:<br \/><a class=\"external text\" href=\"http:\/\/sustainable-manufacturing.net\/\" target=\"_blank\" rel=\"nofollow noopener\">zur Webseite des SFB 1062 &#8211; Sustainable Manufacturing<\/a><\/p>\n\n\n<hr class=\"wp-block-separator\"\/>\n","protected":false},"excerpt":{"rendered":"<p>Auftraggeber:DFG (Deutsche Forschungsgesellschaft) Inhalt:Nachhaltige Unternehmensentwicklung und Intellektuelles Kapital Nachhaltigkeit ist schon seit Jahren kein rein politisches, sondern immer mehr ein wirtschaftliches Thema. Nur wenn Unternehmen zuk\u00fcnftig neben \u00f6konomischen Zielgr\u00f6\u00dfen auch \u00f6kologische und soziale Kriterien bei ihren T\u00e4tigkeiten ber\u00fccksichtigen, k\u00f6nnen Wettbewerbsvorteile&#8230;<\/p>\n","protected":false},"author":3,"featured_media":0,"parent":0,"menu_order":0,"comment_status":"closed","ping_status":"closed","template":"","meta":[],"_links":{"self":[{"href":"https:\/\/wissensmanagement.ipk.fraunhofer.de\/index.php?rest_route=\/wp\/v2\/pages\/284"}],"collection":[{"href":"https:\/\/wissensmanagement.ipk.fraunhofer.de\/index.php?rest_route=\/wp\/v2\/pages"}],"about":[{"href":"https:\/\/wissensmanagement.ipk.fraunhofer.de\/index.php?rest_route=\/wp\/v2\/types\/page"}],"author":[{"embeddable":true,"href":"https:\/\/wissensmanagement.ipk.fraunhofer.de\/index.php?rest_route=\/wp\/v2\/users\/3"}],"replies":[{"embeddable":true,"href":"https:\/\/wissensmanagement.ipk.fraunhofer.de\/index.php?rest_route=%2Fwp%2Fv2%2Fcomments&post=284"}],"version-history":[{"count":6,"href":"https:\/\/wissensmanagement.ipk.fraunhofer.de\/index.php?rest_route=\/wp\/v2\/pages\/284\/revisions"}],"predecessor-version":[{"id":1651,"href":"https:\/\/wissensmanagement.ipk.fraunhofer.de\/index.php?rest_route=\/wp\/v2\/pages\/284\/revisions\/1651"}],"wp:attachment":[{"href":"https:\/\/wissensmanagement.ipk.fraunhofer.de\/index.php?rest_route=%2Fwp%2Fv2%2Fmedia&parent=284"}],"curies":[{"name":"wp","href":"https:\/\/api.w.org\/{rel}","templated":true}]}}