{"id":383,"date":"2018-08-08T13:18:53","date_gmt":"2018-08-08T11:18:53","guid":{"rendered":"http:\/\/wp8.ipk.fraunhofer.de\/?page_id=383"},"modified":"2019-02-19T11:03:55","modified_gmt":"2019-02-19T10:03:55","slug":"seminare","status":"publish","type":"page","link":"https:\/\/wissensmanagement.ipk.fraunhofer.de\/?page_id=383","title":{"rendered":"Seminare"},"content":{"rendered":"Das CCWM bietet Seminare zu den Themengebieten Wissensbilanzierung und die Umsetzung von Wissensmanagements im Rahmen der <a href=\"https:\/\/www.qz-online.de\/qualitaets-management\/qm-basics\/recht_normen\/iso-9001-2015\/artikel\/wissensmanagement-fuer-iso-9001-2015-1283795.html\">ISO 9001:2015<\/a>.\n\n<hr \/>\n\n<h3>Ausbildung zum zertifizierten Wissensbilanz-Moderator<\/h3>\nDie Erstellung einer Wissensbilanz er\u00f6ffnet v\u00f6llig neue Perspektiven auf Unternehmen jeder Couleur und sichert die Wettbewerbsf\u00e4higkeit und den zuk\u00fcnftigen Gesch\u00e4ftserfolg in der wissensbasierten Wirtschaft. Die Ausbildung zum zertifizierten Wissensbilanz-Moderator der\u00a0<a href=\"https:\/\/www.academy.fraunhofer.de\/de\/weiterbildung\/technologie-innovation\/wissensbilanz.html\">Fraunhofer Academy<\/a>\u00a0in Zusammenarbeit mit dem Arbeitskreis Wissensbilanz ist die erste umfassende Ausbildung, die ein einheitliches, anerkanntes Vorgehen zur systematischen Steuerung und Kommunikation der weichen Erfolgsfaktoren vermittelt.\n\nDie zugrunde liegende Methode der \u00bbWissensbilanz \u2013 Made in Germany\u00ab basiert auf internationalen Erfahrungen und verf\u00fcgt europaweit \u00fcber die breiteste Anwendung in allen Branchen und Unternehmensgr\u00f6\u00dfen.\n\nDie workshopbasierte Wissensbilanzierung erm\u00f6glicht nicht nur neue Einsichten in die Funktionsweise des eigenen Unternehmens, sondern liefert auch konkrete Ergebnisse in Form von priorisierten Handlungsempfehlungen f\u00fcr die Unternehmensentwicklung und eines konsistenten Berichts zur strukturierten Kommunikation der immateriellen Verm\u00f6genswerte.\n\nDer gepr\u00fcfte Wissensbilanz-Moderator\u2026\n<ul>\n \t<li>arbeitet auf h\u00f6chstem Qualit\u00e4tsniveau<\/li>\n \t<li>ist effizient<\/li>\n \t<li>arbeitet praxisnah<\/li>\n \t<li>gew\u00e4hrleistet individuellen Nutzen f\u00fcr die Unternehmensf\u00fchrung f\u00fcr das eigene Unternehmen oder den Beratungskunden<\/li>\n \t<li>arbeitet mit solider methodischer Fundierung<\/li>\n<\/ul>\n\n<hr \/>\n\n<h3>Weitere zahlreiche Veranstaltungs- und Weiterbildungsangebote<\/h3>\nAuch weitere zahlreiche Weiterbildungsangebote, Seminare, Workshops, Konferenzen und Technologietage in Berlin, rund um das Thema Wissensmanagement und mehr, finden Sie unter der \u00dcbersicht des Veranstaltungsprogramms\u00a0<a href=\"http:\/\/weiterbildung.ipk.fraunhofer.de\/\">\u201eMehr<\/a><a href=\"http:\/\/weiterbildung.ipk.fraunhofer.de\/\">\u00a0K\u00f6nnen\u201c<\/a>.\n\nWeitere Veranstaltungen, von denen auch Sie profitieren k\u00f6nnen, sind unter der offziellen\u00a0<a href=\"https:\/\/www.facebook.com\/FraunhoferIPK\">Facebook<\/a>\u00a0Seite des Fraunhofer-Instituts f\u00fcr Produktionsanlagen und Konstruktionstechnik zu finden.","protected":false},"excerpt":{"rendered":"<p>Das CCWM bietet Seminare zu den Themengebieten Wissensbilanzierung und die Umsetzung von Wissensmanagements im Rahmen der ISO 9001:2015. Ausbildung zum zertifizierten Wissensbilanz-Moderator Die Erstellung einer Wissensbilanz er\u00f6ffnet v\u00f6llig neue Perspektiven auf Unternehmen jeder Couleur und sichert die Wettbewerbsf\u00e4higkeit und den&#8230;<\/p>\n","protected":false},"author":3,"featured_media":0,"parent":0,"menu_order":0,"comment_status":"closed","ping_status":"closed","template":"","meta":[],"_links":{"self":[{"href":"https:\/\/wissensmanagement.ipk.fraunhofer.de\/index.php?rest_route=\/wp\/v2\/pages\/383"}],"collection":[{"href":"https:\/\/wissensmanagement.ipk.fraunhofer.de\/index.php?rest_route=\/wp\/v2\/pages"}],"about":[{"href":"https:\/\/wissensmanagement.ipk.fraunhofer.de\/index.php?rest_route=\/wp\/v2\/types\/page"}],"author":[{"embeddable":true,"href":"https:\/\/wissensmanagement.ipk.fraunhofer.de\/index.php?rest_route=\/wp\/v2\/users\/3"}],"replies":[{"embeddable":true,"href":"https:\/\/wissensmanagement.ipk.fraunhofer.de\/index.php?rest_route=%2Fwp%2Fv2%2Fcomments&post=383"}],"version-history":[{"count":9,"href":"https:\/\/wissensmanagement.ipk.fraunhofer.de\/index.php?rest_route=\/wp\/v2\/pages\/383\/revisions"}],"predecessor-version":[{"id":1587,"href":"https:\/\/wissensmanagement.ipk.fraunhofer.de\/index.php?rest_route=\/wp\/v2\/pages\/383\/revisions\/1587"}],"wp:attachment":[{"href":"https:\/\/wissensmanagement.ipk.fraunhofer.de\/index.php?rest_route=%2Fwp%2Fv2%2Fmedia&parent=383"}],"curies":[{"name":"wp","href":"https:\/\/api.w.org\/{rel}","templated":true}]}}