{"id":405,"date":"2018-08-08T14:06:48","date_gmt":"2018-08-08T12:06:48","guid":{"rendered":"http:\/\/wp8.ipk.fraunhofer.de\/?page_id=405"},"modified":"2019-12-02T14:26:41","modified_gmt":"2019-12-02T13:26:41","slug":"ueberblick","status":"publish","type":"page","link":"https:\/\/wissensmanagement.ipk.fraunhofer.de\/?page_id=405","title":{"rendered":"\u00dcbersicht"},"content":{"rendered":"\n<div class=\"wp-block-image\"><figure class=\"alignright\"><img loading=\"lazy\" width=\"300\" height=\"268\" src=\"https:\/\/wissensmanagement.ipk.fraunhofer.de\/wp-content\/uploads\/2018\/08\/TEST-300x268.png\" alt=\"\" class=\"wp-image-360\" srcset=\"https:\/\/wissensmanagement.ipk.fraunhofer.de\/wp-content\/uploads\/2018\/08\/TEST-300x268.png 300w, https:\/\/wissensmanagement.ipk.fraunhofer.de\/wp-content\/uploads\/2018\/08\/TEST.png 426w\" sizes=\"(max-width: 300px) 100vw, 300px\" \/><figcaption><em> <\/em> <em> <\/em><\/figcaption><\/figure><\/div>\n\n\n\n<p>\nIm Zentrum des Leistungsspektrums stehen die vom Competence Center entwickelten Modelle und Methoden zum Wissensmanagement, die sich in der Praxis bew\u00e4hrt haben. Ferner forscht das Kompetenzzentrum rund um das Thema Wissensmanagement und entwickelt bestehende Modelle und Methoden stetig weiter. Um dem Anspruch anwendungsorientierter Forschung gerecht zu werden, hat das CCWM seit seiner Gr\u00fcndung ein vielseitiges Leistungsangebot aus seinen Projekten heraus entwickelt.\n\n<\/p>\n\n\n\n<hr class=\"wp-block-separator\"\/>\n\n\n\n<h3>Orientierungsphase<\/h3>\n\n\n\n<p>\nDie Leistungen des CCWM orientieren sich am kontinuierlichen Prozess des Wissensmanagements. Dieser beginnt mit einer Orientierungsphase. Wenn Verantwortliche in Unternehmen dar\u00fcber nachdenken, Wissensmanagement einzuf\u00fchren, brauchen sie beispielsweise verst\u00e4ndliche Informationen zum Thema oder Instrumente f\u00fcr eine initiale Erfassung des Status quo.\n\n<\/p>\n\n\n\n<hr class=\"wp-block-separator\"\/>\n\n\n\n<h3>Analysephase<\/h3>\n\n\n\n<p>Wo in der Organisation konkreter Handlungsbedarf bez\u00fcglich des Wissensmanagements besteht, zeigt sich in der Analysephase. In dieser Phase werden durch die Anwendung bew\u00e4hrter Instrumente St\u00e4rken und Schw\u00e4chen in eigenen Prozessen und Strukturen identifiziert.<\/p>\n\n\n\n<hr class=\"wp-block-separator\"\/>\n\n\n\n<h3>Umsetzungsphase<\/h3>\n\n\n\n<p>F\u00fcr den ermittelten Handlungsbedarf werden in der Umsetzungsphase Ma\u00dfnahmen ergriffen. Das CCWM h\u00e4lt f\u00fcr diese Phase einen umfangreichen Katalog von Methoden und Werkzeugen bereit, durch die der Umgang mit Wissen im Unternehmen verbessert werden kann. Neben der Auswahl der richtigen L\u00f6sung ist es in dieser Phase besonders wichtig, dass Mitarbeiter bei der anstehenden Ver\u00e4nderung begleitet werden.<\/p>\n\n\n\n<hr class=\"wp-block-separator\"\/>\n\n\n\n<h3>Bewertungsphase<\/h3>\n\n\n\n<p>Eingef\u00fchrte Ma\u00dfnahmen werden in der Bewertungsphase evaluiert. In ihr k\u00f6nnen sowohl ma\u00dfgeschneiderte Evaluationsma\u00dfnahmen entworfen werden. Aber auch die Instrumente aus der Analysephase k\u00f6nnen hier erneut angewandt werden, um einen Vorher-Nachher-Vergleich zu erstellen. Anhand der gewonnenen Erkenntnisse werden Prozesse kontinuierlich optimiert.<\/p>\n\n\n\n<hr class=\"wp-block-separator\"\/>\n\n\n\n<h3>Seminare<\/h3>\n\n\n\n<p>Das CCWM bietet Seminare an, um seinen umfangreichen Erfahrungsschatz weiterzugeben. Themengebiete der Workshops oder Inhouse-Seminare sind insbesondere die Wissensbilanz und die Umsetzung von Wissensmanagement im Rahmen der&nbsp; <a href=\"https:\/\/www.qz-online.de\/qualitaets-management\/qm-basics\/recht_normen\/iso-9001-2015\/artikel\/wissensmanagement-fuer-iso-9001-2015-1283795.html\">ISO 9001:2015<\/a>.<\/p>\n\n\n\n<hr class=\"wp-block-separator\"\/>\n\n\n\n<p>\nAngelehnt an die Bed\u00fcrfnisse der Organisationen, die in diesem Kreislauf entstehen, hat das CCWM folgende Angebote entwickelt: \n\n<\/p>\n\n\n\n<figure class=\"wp-block-image\"><img loading=\"lazy\" width=\"1024\" height=\"648\" src=\"https:\/\/wissensmanagement.ipk.fraunhofer.de\/wp-content\/uploads\/2019\/01\/Bild5-1024x648.png\" alt=\"\" class=\"wp-image-1390\" srcset=\"https:\/\/wissensmanagement.ipk.fraunhofer.de\/wp-content\/uploads\/2019\/01\/Bild5-1024x648.png 1024w, https:\/\/wissensmanagement.ipk.fraunhofer.de\/wp-content\/uploads\/2019\/01\/Bild5-300x190.png 300w, https:\/\/wissensmanagement.ipk.fraunhofer.de\/wp-content\/uploads\/2019\/01\/Bild5-768x486.png 768w, https:\/\/wissensmanagement.ipk.fraunhofer.de\/wp-content\/uploads\/2019\/01\/Bild5.png 1058w\" sizes=\"(max-width: 1024px) 100vw, 1024px\" \/><figcaption><em>Die Produkte des CCWM in der \u00dcbersicht<\/em> <\/figcaption><\/figure>\n","protected":false},"excerpt":{"rendered":"<p>Im Zentrum des Leistungsspektrums stehen die vom Competence Center entwickelten Modelle und Methoden zum Wissensmanagement, die sich in der Praxis bew\u00e4hrt haben. Ferner forscht das Kompetenzzentrum rund um das Thema Wissensmanagement und entwickelt bestehende Modelle und Methoden stetig weiter. Um&#8230;<\/p>\n","protected":false},"author":3,"featured_media":0,"parent":0,"menu_order":0,"comment_status":"closed","ping_status":"closed","template":"","meta":[],"_links":{"self":[{"href":"https:\/\/wissensmanagement.ipk.fraunhofer.de\/index.php?rest_route=\/wp\/v2\/pages\/405"}],"collection":[{"href":"https:\/\/wissensmanagement.ipk.fraunhofer.de\/index.php?rest_route=\/wp\/v2\/pages"}],"about":[{"href":"https:\/\/wissensmanagement.ipk.fraunhofer.de\/index.php?rest_route=\/wp\/v2\/types\/page"}],"author":[{"embeddable":true,"href":"https:\/\/wissensmanagement.ipk.fraunhofer.de\/index.php?rest_route=\/wp\/v2\/users\/3"}],"replies":[{"embeddable":true,"href":"https:\/\/wissensmanagement.ipk.fraunhofer.de\/index.php?rest_route=%2Fwp%2Fv2%2Fcomments&post=405"}],"version-history":[{"count":83,"href":"https:\/\/wissensmanagement.ipk.fraunhofer.de\/index.php?rest_route=\/wp\/v2\/pages\/405\/revisions"}],"predecessor-version":[{"id":1770,"href":"https:\/\/wissensmanagement.ipk.fraunhofer.de\/index.php?rest_route=\/wp\/v2\/pages\/405\/revisions\/1770"}],"wp:attachment":[{"href":"https:\/\/wissensmanagement.ipk.fraunhofer.de\/index.php?rest_route=%2Fwp%2Fv2%2Fmedia&parent=405"}],"curies":[{"name":"wp","href":"https:\/\/api.w.org\/{rel}","templated":true}]}}