{"id":651,"date":"2018-08-20T14:15:07","date_gmt":"2018-08-20T12:15:07","guid":{"rendered":"http:\/\/wp8.ipk.fraunhofer.de\/?page_id=651"},"modified":"2019-02-19T11:50:42","modified_gmt":"2019-02-19T10:50:42","slug":"einfuehrung-der-wissensbilanz-bei-der-enbw-ag","status":"publish","type":"page","link":"https:\/\/wissensmanagement.ipk.fraunhofer.de\/?page_id=651","title":{"rendered":"Einf\u00fchrung der Wissensbilanz bei der EnBW AG"},"content":{"rendered":"<hr \/>\n\nAuftraggeber:\nEnBW Energie Baden-W\u00fcrttemberg AG\n\n<hr \/>\n\nLaufzeit:\n2 Jahre\n\n<hr \/>\n\nInhalt:\nNeben einer finanzorientierten Rechnungslegung betrachtet die EnBW ein stringentes Wissensmanagement als einen wichtigen Faktor des unternehmerischen Erfolgs. F\u00fcr das Jahr 2005 hat die EnBW daher erstmals eine Wissensbilanz f\u00fcr den Konzern erstellt und damit die finanzorientierte Rechnungslegung durch eine Wissensbilanz erg\u00e4nzt. Erstmals wurde dieses Thema auch in den Gesch\u00e4ftsbericht aufgenommen. Unter der Anleitung des \u201eArbeitskreis Wissensbilanz\u201c hat der Energiekonzern dann in Zusammenarbeit mit dem Fraunhofer IPK in den sechs wichtigsten operativen Gesellschaften entlang der Wertsch\u00f6pfungskette Strom eine Wissensbilanz erstellt. Bei der strukturierten Analyse des Intellektuellen Kapitals hat sich EnBW auf die Einflussfaktoren konzentriert, die zur Erreichung der Ziele den gr\u00f6\u00dften Beitrag leisten.\n\n<hr \/>\n\nErgebnisse:\nZu den wesentlichen Projektzielen z\u00e4hlen:\n<ul>\n \t<li>Erfolgreiche Wissensbilanzierung in den sechs wichtigsten operativen Gesellschaften entlang der Wertsch\u00f6pfungskette Strom.<\/li>\n \t<li>Verankerung der Wissensbilanz als Managementinstrument zur Erg\u00e4nzung der finanzorientierten Rechnungslegung.<\/li>\n \t<li>Schaffung von Transparenz in Bezug auf das Intellektuelle Kapital des Konzerns, Identifikation zentraler Handlungsfelder und Ableitung strategischer Ma\u00dfnahmen auf Grundlage der Wissensbilanz, diese sind u.a.\n<ul type=\"circle\">\n \t<li>Initialisierung eines systematischen Kompetenzmanage-\nments, um gezielt in die Potentiale der Mitarbeiter zu investieren<\/li>\n \t<li>Schnittstellenoptimierung im Rahmen des Restrukturier-\nungsprozesses<\/li>\n \t<li>Verbesserung der Datenerhebung, um Markt- und Kundenwissen zu generieren<\/li>\n<\/ul>\n<\/li>\n \t<li>Erstmalige Aufnahme des Themas Wissensbilanz in den Gesch\u00e4ftsbericht 2005 der EnBW AG.<\/li>\n<\/ul>\n\n<hr \/>","protected":false},"excerpt":{"rendered":"<p>Auftraggeber: EnBW Energie Baden-W\u00fcrttemberg AG Laufzeit: 2 Jahre Inhalt: Neben einer finanzorientierten Rechnungslegung betrachtet die EnBW ein stringentes Wissensmanagement als einen wichtigen Faktor des unternehmerischen Erfolgs. F\u00fcr das Jahr 2005 hat die EnBW daher erstmals eine Wissensbilanz f\u00fcr den Konzern&#8230;<\/p>\n","protected":false},"author":3,"featured_media":0,"parent":0,"menu_order":0,"comment_status":"closed","ping_status":"closed","template":"","meta":[],"_links":{"self":[{"href":"https:\/\/wissensmanagement.ipk.fraunhofer.de\/index.php?rest_route=\/wp\/v2\/pages\/651"}],"collection":[{"href":"https:\/\/wissensmanagement.ipk.fraunhofer.de\/index.php?rest_route=\/wp\/v2\/pages"}],"about":[{"href":"https:\/\/wissensmanagement.ipk.fraunhofer.de\/index.php?rest_route=\/wp\/v2\/types\/page"}],"author":[{"embeddable":true,"href":"https:\/\/wissensmanagement.ipk.fraunhofer.de\/index.php?rest_route=\/wp\/v2\/users\/3"}],"replies":[{"embeddable":true,"href":"https:\/\/wissensmanagement.ipk.fraunhofer.de\/index.php?rest_route=%2Fwp%2Fv2%2Fcomments&post=651"}],"version-history":[{"count":2,"href":"https:\/\/wissensmanagement.ipk.fraunhofer.de\/index.php?rest_route=\/wp\/v2\/pages\/651\/revisions"}],"predecessor-version":[{"id":1602,"href":"https:\/\/wissensmanagement.ipk.fraunhofer.de\/index.php?rest_route=\/wp\/v2\/pages\/651\/revisions\/1602"}],"wp:attachment":[{"href":"https:\/\/wissensmanagement.ipk.fraunhofer.de\/index.php?rest_route=%2Fwp%2Fv2%2Fmedia&parent=651"}],"curies":[{"name":"wp","href":"https:\/\/api.w.org\/{rel}","templated":true}]}}